tor of w and v.
11
Let l(o) = -o + 2. Suppose 20 = 5*r - 0. Let c be l(r). Let z be (-8)/(c - (-2)/2). What is the greatest common divisor of 2 and z?
2
Let h(w) = -w**3 - 2*w**2 - 2*w - 1. Let c be h(-2). What is the highest common divisor of c and 6?
3
Let c(n) = n**2 - 6*n - 32. Let d be c(12). Calculate the greatest common divisor of 10 and d.
10
Let s = 56 + -29. What is the greatest common divisor of s and 18?
9
Suppose 3*m + 3*w = 192, -190 = -3*m - 0*w - 5*w. Let i(f) = f**2 - 9*f + 4. Let x be i(11). What is the greatest common divisor of m and x?
13
Suppose 4*y - 24 = 4. Let k = 4 - y. Let a be 1 + 9 + k + 2. What is the highest common divisor of 63 and a?
9
Suppose 2*p - 3*a - 51 = -0*p, 2*a - 22 = -p. What is the highest common factor of 132 and p?
12
Let v = 2 - -1. Let j = v + 7. Let q(t) = t**2 - 11*t + 14. Let r be q(j). What is the highest common factor of 10 and r?
2
Suppose 5*c = 3*c - 5*s - 21, -2*c - s = 1. Let v be (-15)/c*(-880)/33. Calculate the highest common divisor of 25 and v.
25
Let p(i) = -i**3 - i**2 + 4*i + 8. Let l be p(-4). What is the greatest common divisor of 8 and l?
8
Let t be 12*(-1 - (-5 + 1)). Let m(u) = u**2 + 3*u - 1. Let q be m(-5). What is the greatest common factor of t and q?
9
Let t(p) = 5*p + 4. Let n be t(4). What is the highest common divisor of 12 and n?
12
Let q(f) be the third derivative of 7*f**4/24 - f**3/2 - f**2. Let d be q(4). Calculate the highest common factor of d and 5.
5
Let o = 5 - 1. Suppose o*l - 16 - 20 = 0. Let b(s) = s + 3. Let c be b(6). Calculate the greatest common factor of c and l.
9
Suppose -21 = -d - 13. Suppose 3*o - 157 - 11 = 0. Calculate the greatest common factor of d and o.
8
Suppose 0 = 17*i + 10 - 95. Calculate the highest common divisor of 40 and i.
5
Suppose 0 = 5*a + 3*y - 113, -3*a + 51 + 44 = -5*y. Calculate the highest common factor of a and 75.
25
Let h(y) = 2*y**2 - 3*y - 2. Let c be h(4). Let r = -62 - -89. What is the highest common factor of c and r?
9
Suppose 0 = 2*h + 5*k - 73, -29 = -h - 8*k + 4*k. What is the greatest common factor of h and 7?
7
Let y(b) = 11*b**3 - b + 1. Let i be y(1). Calculate the highest common divisor of i and 11.
11
Let n = -4 - -39. Let h = 1 - 0. Let i be (-1)/((-3)/42*h). What is the greatest common factor of n and i?
7
Let q(x) = 2*x - 12. Let k be q(7). What is the greatest common factor of k and 10?
2
Let s be (-45)/6*(-414)/15. Suppose -3*v + 111 = 5*w + v, -4*w - 3*v = -89. What is the greatest common divisor of s and w?
23
Suppose -177 = -4*r - 3*d, -d = -3*r + d + 120. Suppose -2*p - 8 = 0, -3*v + 30 = -4*p + p. What is the greatest common divisor of v and r?
6
Let g be 6 + 0 - 3 - -1. What is the greatest common divisor of g and 36?
4
Let j(p) = -p**2 - 10*p - 9. Let f be j(-6). Let y be 1/(-1) - 154/(-22). What is the greatest common factor of f and y?
3
Let k(w) = 13*w**2 - 3*w - 3. Let y(g) = g. Let c be y(3). Let i be k(c). Calculate the greatest common factor of i and 15.
15
Suppose -3*q - 29 - 19 = 0. Let u be 12/q + (-230)/(-8). Calculate the greatest common factor of u and 4.
4
Let p(n) = 17*n - 7. Let z = 5 - 1. Suppose -q + 3 = -z. Let x be p(q). What is the greatest common divisor of 14 and x?
14
Let o(z) = 3*z**2 - 4*z - 5. Let r be o(4). Calculate the highest common factor of r and 9.
9
Suppose c - 3*c + 6 = 0. Suppose -4*d - 9 = -a - 0*a, -c*d = -5*a + 45. Calculate the highest common factor of a and 3.
3
Let g = -6 + 0. Let y = -3 - g. Let w be (5 - 0)*1/5. What is the greatest common factor of w and y?
1
Let j be -4 - ((-3 - -3) + -2). Let x be 3 + 1*(19 - j). Let i be (2 + -12)/(1/(-6)). What is the greatest common divisor of i and x?
12
Let q be (-3 + -2)/(1/(-7)). What is the greatest common factor of q and 140?
35
Suppose -2*c - 24 = -6*c. Let p(v) = v**2 - 5*v - 3. Let t be p(c). Let f be 6/(-4)*(-4)/t. What is the greatest common factor of 1 and f?
1
Let l(g) = 2*g**3 + 6*g**2 - 8*g - 19. Let m be l(-3). Let c(u) = u**3 + 8*u**2 + 9*u + 2. Let f be c(-6). What is the greatest common divisor of f and m?
5
Let t(a) = -a + 11. Let o be t(6). Suppose o = w - 3. Let z be (32/(-20))/((-3)/30). Calculate the highest common divisor of w and z.
8
Suppose 0 = -3*r + 10 + 68. What is the highest common divisor of 182 and r?
26
Let q(r) = r**2 + r. Let y be q(4). Let l be -1*(6 - 3) - -13. Calculate the greatest common factor of l and y.
10
Let c be (-270)/(-12) + (-1)/2. Calculate the greatest common factor of c and 110.
22
Let n(p) = 82*p**3 - 2*p + 1. Let m be n(1). What is the highest common factor of 3 and m?
3
Let r be 3 + -5*(-1)/5. Suppose -l = 1 - 0. Let p be 94/6 - l/3. Calculate the highest common factor of p and r.
4
Let k(y) = 120*y**3 - y**2 - y + 1. Let a be k(1). Suppose 4*z - a - 217 = 0. Calculate the highest common factor of z and 56.
28
Suppose 4*d = -0*d + 484. What is the greatest common divisor of d and 11?
11
Suppose 2*h = 2*s - 3*s + 13, 30 = 5*h + 5*s. Let i(z) = z**3 - 7*z**2 - 2*z + 16. Let b be i(h). What is the greatest common factor of 22 and b?
2
Suppose -41 = 2*u - 3*u - 4*v, v + 79 = 4*u. Calculate the highest common factor of u and 28.
7
Suppose 4 = 5*x - 4*x. Let h be 25/4 - x/16. What is the greatest common divisor of h and 30?
6
Let h be -3 + -4 - -4 - -4. Let n be h*(-3 + 11)*4. What is the greatest common factor of n and 48?
16
Let s be (-174)/(-18) + 1/3. Let v = 109 - 29. What is the greatest common divisor of v and s?
10
Let x = -3 - -5. Suppose -78 = -4*r + x. Let z be (26/(-4))/((-2)/r). What is the greatest common factor of 13 and z?
13
Suppose -17 + 8 = -3*v. What is the greatest common divisor of v and 48?
3
Let v = 1 - 0. Let l = 2 - -2. Calculate the greatest common divisor of l and v.
1
Suppose -5*k - 10 + 25 = 0. Let f be 1/(k/(33*13)). What is the greatest common factor of 13 and f?
13
Suppose -8 = -2*h + 2*u - 0*u, -h = -4*u + 11. Suppose h = -2*v + 21. Calculate the greatest common divisor of v and 15.
3
Let v(s) = -s**2 + 12*s - 14. Let w be v(10). Suppose -5*k - w = -7*k. Suppose 18 = -3*a + 5*a. Calculate the highest common divisor of k and a.
3
Let j = 24 - -8. Let m(b) = -b**2 - 6*b - 4. Let s be m(-4). What is the highest common factor of s and j?
4
Let x = 18 + 4. Calculate the highest common divisor of x and 176.
22
Let t = 60 + 0. Calculate the greatest common divisor of 24 and t.
12
Let v(y) = -13*y**3 - y**2. Let f = -2 + 1. Let s be v(f). Calculate the greatest common divisor of 48 and s.
12
Suppose -6*b = -5*b. Suppose 4*p = 2*n - b*n + 38, 0 = -5*n + 25. Suppose 0*k + 128 = k - 4*f, 5*k = -f + 535. What is the highest common factor of k and p?
12
Let g(q) = -q**2 - 4*q + 2. Let o be g(-3). What is the highest common factor of o and 50?
5
Let v be (1 + -15)*(0 - 2). Calculate the greatest common factor of 70 and v.
14
Suppose o - 40 = -o. Suppose -5*h + o = -0*h. Suppose -v - 3*g + 71 = 0, -173 = -3*v - 5*g + h*g. What is the greatest common factor of v and 8?
8
Suppose 15 - 49 = -v. Calculate the highest common factor of v and 272.
34
Let h = 1 - 0. Let b be h/4 - (-86)/8. Suppose 4*o - 5*o + 493 = 5*v, 5*v - 4*o = 503. Calculate the highest common factor of b and v.
11
Let d(y) = 5*y**2 - 2*y + 1. Let p be d(1). Suppose v - p*v = -48. What is the highest common divisor of 40 and v?
8
Let q be (-4)/12 - (-100)/12. Calculate the greatest common divisor of q and 24.
8
Suppose -5*d + 10*d - 210 = 0. Calculate the highest common divisor of d and 28.
14
Suppose -3 = -2*q + 3. Suppose 5*i = -20, 3*a - a - 6 = -q*i. Suppose -2*z - 3*z = -315. Calculate the greatest common factor of a and z.
9
Let z(h) = h**2 - 3. Let j be z(0). Let v be ((-8)/j + -1)*6. Let d(n) = n**3 + 6*n**2 - 14*n - 9. Let m be d(-7). What is the highest common factor of m and v?
10
Suppose 30 = 5*r + 2*h - h, 3*h + 12 = 2*r. Let s be ((-18)/(-8))/((-1)/(-4)). What is the greatest common divisor of r and s?
3
Let p = 13 - -43. What is the greatest common factor of 14 and p?
14
Let w(h) = h - 7. Let d be w(9). Suppose -d*i = 4*t + 2*i - 220, -2*t = 5*i - 113. Calculate the highest common divisor of 135 and t.
27
Let i(a) = -16*a. Let g be i(-6). Let c be ((-1)/1)/((-4)/g). What is the greatest common factor of 3 and c?
3
Let b be (3 + -6)/(6/(-8)). Calculate the hi